e -6 + (0 + 0 + 14 + -19 - -12).
1
Calculate 2 + 2 + 4 + 4 - (10 - 9).
11
Calculate 5 + (-25 - -31) + -18 + -1 + -3.
-11
What is 33 - (13 - -26) - -13?
7
What is the value of -90 - -89 - ((-1 - 0) + 14)?
-14
What is (-1 - (9 - 3) - -1 - 0) + -3?
-9
What is the value of 14 + (4 - (7 - (20 + -8))) + -3?
20
What is -70 + 19 + 16 - (-14 - -4)?
-25
What is (-2 - 2) + (-19 - (14 - 37)) + 0?
0
What is -1 - (0 + 1) - (1274 + -1251)?
-25
Calculate 12 - (2 + (2 + 2 - -3) - 6).
9
Calculate -3 - 1 - (1 + -34 + 33).
-4
Calculate -12 - -3 - (-10 - (1 + -13)).
-11
What is -18 - (-14 - -7) - -13?
2
Evaluate (7 - (1 - -5)) + -3 + 7 - 1.
4
What is (11 - 27) + 27 + -5?
6
What is (-4 - 0) + (7 - 7) + -8?
-12
-76 + 66 - (-5 - 2)
-3
What is the value of -9 - -1 - (-15 - 5)?
12
785 - 774 - (-1 + -1 + (-2 - -17))
-2
What is the value of 6 + (-35 - 5) + 24 + (-3 - 19)?
-32
Evaluate (2 - -1) + -8 + -4 + (-2 - 2).
-13
What is the value of 7 + 6 + 6 + (17 - 24)?
12
Evaluate 5 - (2 - 1 - -12) - -9.
1
What is the value of 5 + (6 - (8 + -16)) - -3?
22
What is (28 - 1) + -7 + 21 + -7 - 9?
25
What is the value of -3 + 2 + 264 + -257 + (1 - -11)?
18
Calculate (-30 + 40 - 12) + (1 - -5).
4
What is 36 + -27 + -43 + 38?
4
(-22 - 0) + 2 + (8 - -11) + -15
-16
33 + (10 - 27) - (23 - 1)
-6
Calculate (0 - 8) + (-11 - (11 + (-11 - -3))).
-22
32 - (-1 + -2 + (31 - (-9 - -34)))
29
Evaluate 19 - (22 - 5) - 15.
-13
Evaluate 55 - 64 - (-17 - -10).
-2
Evaluate -31 - ((-33 - -5) + -28).
25
Evaluate -2 + -2 - ((-5 - 2) + (-3 - 0)).
6
What is the value of 8 - (-2 - ((2 - 15) + (4 - -2)))?
3
What is the value of -9 + (30 - (0 + 2)) - 9?
10
What is -6 + -1 + (37 - (51 - 31))?
10
-15 - (-5 + (-4 - -4))
-10
Evaluate (6 - 11) + (-3 - -1 - -1) + -4.
-10
Evaluate -24 + (-2 - -2 - (10 + (-14 - -8))).
-28
Calculate -13 + (-6 - (7 - 9)) + 2.
-15
What is the value of -19 - (-6 - -11 - 14)?
-10
What is the value of 0 - (19 - (17 + -8) - 16)?
6
Calculate (-10 - (6 - -7)) + 22.
-1
What is -3 + -2 + (5 - -2 - 1) - -7?
8
Calculate 491 + -491 - (-2 - (-1 + 12)).
13
-9 - (5 + (8 - 38 - -10))
6
23 + -37 + 20 + (2 - 46)
-38
Evaluate -2 + 3 + -3 + (6 - (25 + -23)).
2
Evaluate -31 + (8 - (-4 + -3)) + -3.
-19
Evaluate 1 - 0 - (18 - 18 - 2).
3
(13 - 4 - (-3 - (2 - 12))) + 11
13
Calculate (1 - 20) + (867 - 868).
-20
-11 - (-17 + -16 + 19)
3
19 - (88 + -55 + 23)
-37
(-11 - -1) + (-3 - 7 - 11) + 4
-27
64 + -31 + -7 - 9
17
What is (-14 - -9) + 8 + -21?
-18
(-22 - (7 + -16)) + 25 + -10
2
What is (-1 - (3 + -9) - (1 - -1)) + -8?
-5
What is 2 - -6 - (38 + -17 + -5)?
-8
Calculate -3 + 11 + -17 - -2.
-7
-28 + 52 + -23 + (-19 - -1)
-17
Evaluate -2 + (57 - 34 - (0 + 2)).
19
Evaluate 33 + (-23 - 6) - (0 - -1 - 0).
3
What is 54 + (-71 - -8) + (0 - -9)?
0
What is the value of (-1 - 3) + ((17 - 4) + -5 - 0)?
4
What is the value of -5 - (15 + -10 - (4 + -1 + 0))?
-7
2 + 1 - (-5 - -12 - (0 + 5))
1
Calculate -12 - (1 + -6 + -24 + 23).
-6
-4 - (28 + -13 + -29 - (2 + -1))
11
Calculate 6 + (13 + -26 - 8).
-15
What is the value of -25 + (32 - (11 - 41))?
37
-3 - (1 + (9 + -4 - 18))
9
2 + 1 + -7 - (11 - 3 - 26)
14
What is (38 + -1 - -1) + -11 + 7 - 7?
27
(-16 - -1) + 32 + 2 + -31
-12
Calculate -5 + (-1 - -1 - -3) + (563 - 571).
-10
6 + 13 + -27 - (0 + -28)
20
What is -1 + (1 - 1 - 1) - (-3145 + 3139)?
4
0 + -3 - -3 - (-69 + 48)
21
Calculate 42 + -18 + (12 - (-2 - -3)) + 4.
39
What is the value of 0 + -4 - ((8 - -9) + -10)?
-11
What is the value of (-31 - (-14 - -28)) + 30?
-15
Calculate (9 - 2 - ((5 - -19) + -27)) + -6.
4
What is -44 + 43 + 35 - 22?
12
What is -259 + 280 + (0 - 19) - 41?
-39
Calculate (7 - 2 - (1 + 14 + -4)) + -7.
-13
What is the value of -29 + 44 - (-2 - -16)?
1
What is (-1 + 2 - (6 - 6)) + -3?
-2
Evaluate (8 - (2 + -2 - (-7 + 2))) + 7.
10
What is the value of -16 - -6 - (21 - 22)?
-9
What is (-713 - -731 - (6 - (-1 - -1))) + -12?
0
What is (1 - -2) + 3 + 1 + -2 + -1?
4
Evaluate (-2 - -8) + 3 - (-7 - -10) - 7.
-1
21 - (4 + (6 - -1)) - 15
-5
Evaluate 1 + 1 - (-35 + 72 + -25).
-10
What is the value of (-2 - -3) + (-1 - -6) - (-42 - -56)?
-8
Evaluate -14 - (4 + 19 + -45).
8
Calculate (-11 + 3 - -19) + 4.
15
What is 20 - (22 + -20 + 38)?
-20
Evaluate -23 - (13 + -17 - 20).
1
-2 - (6 + (-4 - -1) + -23 + 20)
-2
What is the value of 30 + (2 - -3) + -37?
-2
2 + -11 + (5 - (4 + 2 + -28))
18
What is 125 + -173 + 28 + 0?
-20
2 - (5 + -9 - -5) - (-4 - 5)
10
What is the value of 6 + (-18 - -36 - (15 - 2))?
11
What is -33 - (-2 + -8 + -13)?
-10
Calculate 17 + -14 + (-8 - -4) + 9.
8
0 + 2 - (-10 + (10 - 5))
7
Calculate -7 + 37 + (-17 - 1).
12
What is the value of -2 + 1 - (-9 - -40 - 13)?
-19
What is the value of 52 + -75 + (-2 - -15)?
-10
What is (-21 - 21) + 23 - -17?
-2
Calculate (-35 - -38 - 37) + 0.
-34
Evaluate -39 + -10 + (2 + -8 - -17).
-38
-26 - -2 - (-776 + 731)
21
What is -3 - 0 - (-12 - -1 - (113 + -106))?
15
What is the value of 9 + -10 + 6 + 3 + 2?
10
What is the value of -10 - (-1 + -1 + -2 + (309 - 298))?
-17
(1 - (5 + -9)) + -25
-20
(15 - -5) + -23 - (-2 - -2 - -16)
-19
(2 - -4 - -14) + -16
4
(21 - (-5 + -4 + 23)) + -19
-12
Evaluate 280 - 304 - (-37 + -2).
15
-1 + 1 + (0 - 13 - -21)
8
Calculate -3 + 5 + -11 - (-11 + 4 + -13).
11
What is the value of (-1 - 5 - -1) + (18 + -10 - -1)?
4
0 - (6 + 38 + -34 - (0 - -38))
28
7 + 42 + -45 + (1 - 8) - 16
-19
Calculate -13 - (-7 - (11 - (-1 - -21))).
-15
Calculate -19 - (12 - 14 - 2) - -28.
13
What is (-5 - 11) + 35 + -4 + 5?
20
Calculate -16 + (8 - (-7 - (-9 + 1))).
-9
Calculate 4 + 5 + -4 + 4.
9
What is the value of -4 - (((-3 - 6) + -6 - -8) + 2)?
1
What is (9 - (23 - 8)) + 11 - 1?
4
Calculate 10 + -3 - (3 - -8) - -9.
5
What is -896 + 904 + (0 - 29)?
-21
Evaluate -31 - 11 - (1 - 59).
16
What is -19 - ((5 - 21 - -17) + 2 + -5)?
-17
What is 0 + (-8 + 3 + 0 - -3) + 0?
-2
What is the value of (-15 - (4 - 14)) + -1?
-6
Evaluate (9 - 0) + (-15 - 8) + 10.
-4
Evaluate 16 + (-16 - 2) + -7 + 1.
-8
What is (-5 - -1 - 1) + 3 + -17 + 22?
3
10 - (4 - -4 - (6 - 20))
-12
Evaluate 9 + (4 + -4 - (-42 - -58)).
-7
What is 1 + 4 + -6 - 12 - (68 - 56)?
-25
What is the value of -4 + (-78 + 69 - ((-3 - 0) + -15))?
5
Evaluate 1 + (-8 - (-6 - 8)) + 10 + -1.
16
Evaluate -32 + (70 - 6) + -62.
-30
What is 0 + 2 + (-19 + 33 - 15)?
1
What is (-37 - 9) + 23 - (9 - 3)?
-29
Calculate (-2 + (5 - -12) - 8) + (-3 - -13).
17
Calculate -31 - -23 - (-1 - 16).
9
(0 - ((-2 - 4) + 5)) + -3 + -13
-15
Evaluate (2 - 2) + 0 + -8 - (-97 + 93).
-4
What is the value of -48 + 70 + (-11 - 17)?
-6
What is (0 + -4 - (9 + -10)) + 9?
6
Calculate 36 + (40 - 89) + -1 + 11.
-3
What is -27 + -5 + 6 - -25?
-1
-11 - (0 - 5 - -2 - 2)
-6
(1 - -7) + (-4 - -1) + 3
8
Evaluate (-61 - -43 - (-9 - 3)) + -4.
-10
Calculate -20 + (27 - 15 - (2 - -12)).
-22
-162 + 167 + -7 + -2 + 2
-2
-18 + (-22 - -61) + -13 + (-1 - 1)
6
-5 + 16 - (41 - 20)
-10
What is 35 + -64 + 25 + (1 - (0 + 0))?
-3
What is the value of (-1575 - -1576) + 1 + (-1 + 1 - 18)?
-16
Calculate 6 + 16 + -12 + -5.
5
(-11 - 3) + 5 + -4
-13
What is (9 - 2) + (6 - 5)?
8
-1 - (-28 - -13 - (-27 + 18))
5
Calculate 17 + -7 + -5 + 0.
5
Calculate 17 + (-27 - -17) + 10.
17
Calculate (-9 + 3 - -5) + (6 - (-14 - 2)).
21
Calculate (2 - 27 - 4) + -99 + 113.
-15
Evaluate (-11 - (-4 - 7)) + -1 + (16 - -2).
17
What is -5 - (-2 + 1 - 4 - (150 + -159))?
-9
What is (7 - 5) + -5 + -1 + (5 - 8)?
-7
What is the value of (23 - (24 - -25)) + 31?
5
Evaluate 2 + 8 + 7 + -28.
-11
What is 13 + -17 + 1 + -2?
-5
-10 + (-4 - -9) + -2
-7
Evaluate -26 + 27 - (2 + 2).
-3
-1 + -30 - ((7 - 20) + 1)
-19
What is (2 - 2) + -6 + (1 - (-1 + 4))?
-8
Evaluate (-1 - 0) + (-16 - -14) - -4 - -16.
17
What is 11 - (18 + 21 + -41)?
13
0 + 9 - -1 - ((3 - 4) + -1)
12
18 - 31 - (1 + -11) - -1
-2
-4 + (-14 + (1 - -8) - -8)
-1
Evaluate -1 + 0 - (10 - 29 - -33).
-15
Calculate (-3 - ((2 - -1 - 0) + -2)) + -1.
-5
Calculate (63 - 38 - 29) + 15.
11
7 - -1 - (9 + (3 - 5) - 4)
5
(-406 - -421) + (-7 - -17 - (1 + 1))
23
What is the value of (-16 - 25) + 17 - 4?
-28
Calculate -37 + 0 + (459 - 452).
-30
Evaluate 4 - 0 - (-31 - (14 + -36)).
13
What is -13 + (25 - 14 - -7)?
5
What is the value of (-6 - -8 - 1) + -17 + 6 + -4?
-14
What is the value of -16 + (15 - 0) + 3?
2
(6 - 0 - (7 - 4)) + 75 + -94
-16
Calculate 41 + (6 - (17 - 1)).
31
What is 47 + 4